{"id":189,"date":"2020-07-16T14:55:49","date_gmt":"2020-07-16T14:55:49","guid":{"rendered":"http:\/\/abogadosjmalca.com\/?page_id=189"},"modified":"2020-09-29T17:20:24","modified_gmt":"2020-09-29T17:20:24","slug":"juana-maria-malca-leo","status":"publish","type":"page","link":"https:\/\/abogadosjmalca.com\/index.php\/juana-maria-malca-leo\/","title":{"rendered":"Juana Mar\u00eda Malca Leo"},"content":{"rendered":"\t\t<div data-elementor-type=\"wp-page\" data-elementor-id=\"189\" class=\"elementor elementor-189\">\n\t\t\t\t\t\t<div class=\"elementor-inner\">\n\t\t\t\t<div class=\"elementor-section-wrap\">\n\t\t\t\t\t\t\t\t\t<section class=\"elementor-section elementor-top-section elementor-element elementor-element-8b7ca29 elementor-section-boxed elementor-section-height-default elementor-section-height-default\" data-id=\"8b7ca29\" data-element_type=\"section\">\n\t\t\t\t\t\t<div class=\"elementor-container elementor-column-gap-default\">\n\t\t\t\t\t\t\t<div class=\"elementor-row\">\n\t\t\t\t\t<div class=\"elementor-column elementor-col-100 elementor-top-column elementor-element elementor-element-ae94f11\" data-id=\"ae94f11\" data-element_type=\"column\">\n\t\t\t<div class=\"elementor-column-wrap\">\n\t\t\t\t\t\t\t<div class=\"elementor-widget-wrap\">\n\t\t\t\t\t\t\t\t<\/div>\n\t\t\t\t\t<\/div>\n\t\t<\/div>\n\t\t\t\t\t\t\t\t<\/div>\n\t\t\t\t\t<\/div>\n\t\t<\/section>\n\t\t\t\t<section class=\"elementor-section elementor-top-section elementor-element elementor-element-153d926 elementor-section-boxed elementor-section-height-default elementor-section-height-default\" data-id=\"153d926\" data-element_type=\"section\">\n\t\t\t\t\t\t<div class=\"elementor-container elementor-column-gap-default\">\n\t\t\t\t\t\t\t<div class=\"elementor-row\">\n\t\t\t\t\t<div class=\"elementor-column elementor-col-100 elementor-top-column elementor-element elementor-element-1c08f34\" data-id=\"1c08f34\" data-element_type=\"column\">\n\t\t\t<div class=\"elementor-column-wrap\">\n\t\t\t\t\t\t\t<div class=\"elementor-widget-wrap\">\n\t\t\t\t\t\t\t\t<\/div>\n\t\t\t\t\t<\/div>\n\t\t<\/div>\n\t\t\t\t\t\t\t\t<\/div>\n\t\t\t\t\t<\/div>\n\t\t<\/section>\n\t\t\t\t<section class=\"elementor-section elementor-top-section elementor-element elementor-element-e40d49d elementor-section-boxed elementor-section-height-default elementor-section-height-default\" data-id=\"e40d49d\" data-element_type=\"section\">\n\t\t\t\t\t\t<div class=\"elementor-container elementor-column-gap-default\">\n\t\t\t\t\t\t\t<div class=\"elementor-row\">\n\t\t\t\t\t<div class=\"elementor-column elementor-col-100 elementor-top-column elementor-element elementor-element-2f0025a\" data-id=\"2f0025a\" data-element_type=\"column\">\n\t\t\t<div class=\"elementor-column-wrap elementor-element-populated\">\n\t\t\t\t\t\t\t<div class=\"elementor-widget-wrap\">\n\t\t\t\t\t\t<div class=\"elementor-element elementor-element-fe673c6 elementor-widget elementor-widget-heading\" data-id=\"fe673c6\" data-element_type=\"widget\" data-widget_type=\"heading.default\">\n\t\t\t\t<div class=\"elementor-widget-container\">\n\t\t\t<h2 class=\"elementor-heading-title elementor-size-default\">Juana Mar\u00eda Malca Leo<\/h2>\t\t<\/div>\n\t\t\t\t<\/div>\n\t\t\t\t<div class=\"elementor-element elementor-element-e5f4126 elementor-widget-divider--view-line elementor-widget elementor-widget-divider\" data-id=\"e5f4126\" data-element_type=\"widget\" data-widget_type=\"divider.default\">\n\t\t\t\t<div class=\"elementor-widget-container\">\n\t\t\t\t\t<div class=\"elementor-divider\">\n\t\t\t<span class=\"elementor-divider-separator\">\n\t\t\t\t\t\t<\/span>\n\t\t<\/div>\n\t\t\t\t<\/div>\n\t\t\t\t<\/div>\n\t\t\t\t\t\t<\/div>\n\t\t\t\t\t<\/div>\n\t\t<\/div>\n\t\t\t\t\t\t\t\t<\/div>\n\t\t\t\t\t<\/div>\n\t\t<\/section>\n\t\t\t\t<section class=\"elementor-section elementor-top-section elementor-element elementor-element-aa2b485 elementor-section-boxed elementor-section-height-default elementor-section-height-default\" data-id=\"aa2b485\" data-element_type=\"section\">\n\t\t\t\t\t\t<div class=\"elementor-container elementor-column-gap-default\">\n\t\t\t\t\t\t\t<div class=\"elementor-row\">\n\t\t\t\t\t<div class=\"elementor-column elementor-col-50 elementor-top-column elementor-element elementor-element-87fbb4e\" data-id=\"87fbb4e\" data-element_type=\"column\">\n\t\t\t<div class=\"elementor-column-wrap elementor-element-populated\">\n\t\t\t\t\t\t\t<div class=\"elementor-widget-wrap\">\n\t\t\t\t\t\t<div class=\"elementor-element elementor-element-5076933 elementor-widget elementor-widget-text-editor\" data-id=\"5076933\" data-element_type=\"widget\" data-widget_type=\"text-editor.default\">\n\t\t\t\t<div class=\"elementor-widget-container\">\n\t\t\t\t\t\t\t\t<div class=\"elementor-text-editor elementor-clearfix\">\n\t\t\t\t<p>ABOGADA, fundadora del Despacho MALCA ABOGADOS ASOCIADOS, especializada en Derechos Humanos, Derecho de Extranjer\u00eda, Derecho Administrativo y Derecho Internacional. Tambi\u00e9n tiene colaboradores abogados en otras materias como Derecho Laboral, Civil, Penal, entre otros.<\/p>\n<p>Colegiada en el Ilustre Colegio de Abogados de Madrid (1993) y del Ilustre Colegio de Abogados de Lima \u2013 Per\u00fa (1987).<\/p>\n<p>Curs\u00f3 sus estudios universitarios en la Facultad de Derecho de la Universidad San Mart\u00edn de Porres en Lima (1979 a 1985) y obtuvo el t\u00edtulo profesional de Abogada el 8 de enero de 1987 homologado por el titulo de Licenciada en Derecho en Espa\u00f1a.<\/p>\n<p>Es especialista en Derechos Humanos por el Instituto de Derechos Humanos de la Universidad Complutense de Madrid (1989), y diplomada de estudios en el &nbsp;Institut International des Droits de L\u2019Homme, Fundaci\u00f3n Ren\u00e9 Cassin (1990).<\/p>\n<p>Su desempe\u00f1o profesional ha tenido lugar en la Sala Civil del Tribunal Superior de Justicia de Lima, en varios despachos de Abogados en Lima y, en el departamento pol\u00edtico de la Embajada del Per\u00fa en Espa\u00f1a.&nbsp;&nbsp;<\/p>\n<p>Participa activamente en asociaciones profesionales de abogados, es socia fundadora y Presidenta de la Red Internacional de Abogados Eureka (2012). Tambi\u00e9n ha sido Presidenta de la Asociaci\u00f3n de Abogados de Extranjer\u00eda de Madrid (2011).<\/p>\n<p>Es Abogada del Turno de Oficio del Colegio de Abogados de Madrid desde 1994, en el turno de Extranjer\u00eda y Protecci\u00f3n Internacional.<\/p>\n<p>Ha participado entre otros, en diferentes simposios como ponente, como en el IX d\u00eda de la Justicia Gratuita y del Turno de Oficio (2019) en el Ilustre Colegio de Abogados de Madrid; en el Primer Congreso de la Abogac\u00eda Madrile\u00f1a organizado por el Ilustre Colegio de Abogados de Madrid en 2015; en el XXIV Encuentros de la Abogac\u00eda sobre \u201cDerecho de Extranjer\u00eda y Asilo\u201d, Ilustre Colegio de Abogados del Se\u00f1or\u00edo de Vizcaya, en el 2014; tambi\u00e9n coordinadora-directora y ponente en el I Curso de Pr\u00e1ctica Contencioso-Administrativa, Especialidad Extranjer\u00eda, en el Ilustre Colegio de Abogados de Madrid, de septiembre a diciembre de 2011.<\/p>\n<p>Ha participado en diversas publicaciones, como el Libro homenaje al profesor Jes\u00fas Lima Torrado: Estudios sobre Derechos Humanos, con el tema \u201cEjercicio de derecho de residencia para los ciudadanos de la uni\u00f3n y sus familias (2020); El Abedecedario del Abogado de Oficio, 2017; en la Revista Electr\u00f3nica Iberoamericana, \u201cDerecho de Extranjer\u00eda, pol\u00edtica migratoria e Iberoamerica\u201d, junio 2014, entre otros.<\/p>\nA\t\t\t\t\t<\/div>\n\t\t\t\t\t\t<\/div>\n\t\t\t\t<\/div>\n\t\t\t\t\t\t<\/div>\n\t\t\t\t\t<\/div>\n\t\t<\/div>\n\t\t\t\t<div class=\"elementor-column elementor-col-50 elementor-top-column elementor-element elementor-element-7fae1a2\" data-id=\"7fae1a2\" data-element_type=\"column\">\n\t\t\t<div class=\"elementor-column-wrap elementor-element-populated\">\n\t\t\t\t\t\t\t<div class=\"elementor-widget-wrap\">\n\t\t\t\t\t\t<div class=\"elementor-element elementor-element-9c39681 elementor-widget elementor-widget-image\" data-id=\"9c39681\" data-element_type=\"widget\" data-widget_type=\"image.default\">\n\t\t\t\t<div class=\"elementor-widget-container\">\n\t\t\t\t\t\t\t\t<div class=\"elementor-image\">\n\t\t\t\t\t\t\t\t\t\t\t\t<img decoding=\"async\" width=\"625\" height=\"1024\" src=\"https:\/\/abogadosjmalca.com\/wp-content\/uploads\/2020\/07\/Juani-625x1024.jpg\" class=\"attachment-large size-large\" alt=\"\" srcset=\"https:\/\/abogadosjmalca.com\/wp-content\/uploads\/2020\/07\/Juani-625x1024.jpg 625w, https:\/\/abogadosjmalca.com\/wp-content\/uploads\/2020\/07\/Juani-183x300.jpg 183w, https:\/\/abogadosjmalca.com\/wp-content\/uploads\/2020\/07\/Juani.jpg 699w\" sizes=\"(max-width: 625px) 100vw, 625px\" \/>\t\t\t\t\t\t\t\t\t\t\t\t\t\t<\/div>\n\t\t\t\t\t\t<\/div>\n\t\t\t\t<\/div>\n\t\t\t\t\t\t<\/div>\n\t\t\t\t\t<\/div>\n\t\t<\/div>\n\t\t\t\t\t\t\t\t<\/div>\n\t\t\t\t\t<\/div>\n\t\t<\/section>\n\t\t\t\t<section class=\"elementor-section elementor-top-section elementor-element elementor-element-421b556 elementor-section-boxed elementor-section-height-default elementor-section-height-default\" data-id=\"421b556\" data-element_type=\"section\">\n\t\t\t\t\t\t<div class=\"elementor-container elementor-column-gap-default\">\n\t\t\t\t\t\t\t<div class=\"elementor-row\">\n\t\t\t\t\t<div class=\"elementor-column elementor-col-100 elementor-top-column elementor-element elementor-element-a42e78b\" data-id=\"a42e78b\" data-element_type=\"column\">\n\t\t\t<div class=\"elementor-column-wrap elementor-element-populated\">\n\t\t\t\t\t\t\t<div class=\"elementor-widget-wrap\">\n\t\t\t\t\t\t<div class=\"elementor-element elementor-element-870888c elementor-widget elementor-widget-spacer\" data-id=\"870888c\" data-element_type=\"widget\" data-widget_type=\"spacer.default\">\n\t\t\t\t<div class=\"elementor-widget-container\">\n\t\t\t\t\t<div class=\"elementor-spacer\">\n\t\t\t<div class=\"elementor-spacer-inner\"><\/div>\n\t\t<\/div>\n\t\t\t\t<\/div>\n\t\t\t\t<\/div>\n\t\t\t\t\t\t<\/div>\n\t\t\t\t\t<\/div>\n\t\t<\/div>\n\t\t\t\t\t\t\t\t<\/div>\n\t\t\t\t\t<\/div>\n\t\t<\/section>\n\t\t\t\t\t\t\t\t\t<\/div>\n\t\t\t<\/div>\n\t\t\t\t\t<\/div>\n\t\t","protected":false},"excerpt":{"rendered":"<p>Juana Mar\u00eda Malca Leo ABOGADA, fundadora del Despacho MALCA ABOGADOS ASOCIADOS, especializada en Derechos Humanos, Derecho<\/p>\n<div class=\"bottom-meta clearfix\">\n<ul class=\"bottom-meta-list\">\n<li>\n<div class=\"post-more\"><a class=\"read-more\" href=\"https:\/\/abogadosjmalca.com\/index.php\/juana-maria-malca-leo\/\">Read More<\/a><\/div>\n<\/li>\n<\/ul>\n<\/div>\n","protected":false},"author":1,"featured_media":0,"parent":0,"menu_order":0,"comment_status":"closed","ping_status":"closed","template":"elementor_header_footer","meta":{"footnotes":""},"_links":{"self":[{"href":"https:\/\/abogadosjmalca.com\/index.php\/wp-json\/wp\/v2\/pages\/189"}],"collection":[{"href":"https:\/\/abogadosjmalca.com\/index.php\/wp-json\/wp\/v2\/pages"}],"about":[{"href":"https:\/\/abogadosjmalca.com\/index.php\/wp-json\/wp\/v2\/types\/page"}],"author":[{"embeddable":true,"href":"https:\/\/abogadosjmalca.com\/index.php\/wp-json\/wp\/v2\/users\/1"}],"replies":[{"embeddable":true,"href":"https:\/\/abogadosjmalca.com\/index.php\/wp-json\/wp\/v2\/comments?post=189"}],"version-history":[{"count":9,"href":"https:\/\/abogadosjmalca.com\/index.php\/wp-json\/wp\/v2\/pages\/189\/revisions"}],"predecessor-version":[{"id":225,"href":"https:\/\/abogadosjmalca.com\/index.php\/wp-json\/wp\/v2\/pages\/189\/revisions\/225"}],"wp:attachment":[{"href":"https:\/\/abogadosjmalca.com\/index.php\/wp-json\/wp\/v2\/media?parent=189"}],"curies":[{"name":"wp","href":"https:\/\/api.w.org\/{rel}","templated":true}]}}

Juana María Malca Leo

<div data-elementor-type="wp-page" data-elementor-id="189" class="elementor elementor-189">
						<div class="elementor-inner">
				<div class="elementor-section-wrap">
									<section class="elementor-section elementor-top-section elementor-element elementor-element-8b7ca29 elementor-section-boxed elementor-section-height-default elementor-section-height-default" data-id="8b7ca29" data-element_type="section">
						<div class="elementor-container elementor-column-gap-default">
							<div class="elementor-row">
					<div class="elementor-column elementor-col-100 elementor-top-column elementor-element elementor-element-ae94f11" data-id="ae94f11" data-element_type="column">
			<div class="elementor-column-wrap">
							<div class="elementor-widget-wrap">
								</div>
					</div>
		</div>
								</div>
					</div>
		</section>
				<section class="elementor-section elementor-top-section elementor-element elementor-element-153d926 elementor-section-boxed elementor-section-height-default elementor-section-height-default" data-id="153d926" data-element_type="section">
						<div class="elementor-container elementor-column-gap-default">
							<div class="elementor-row">
					<div class="elementor-column elementor-col-100 elementor-top-column elementor-element elementor-element-1c08f34" data-id="1c08f34" data-element_type="column">
			<div class="elementor-column-wrap">
							<div class="elementor-widget-wrap">
								</div>
					</div>
		</div>
								</div>
					</div>
		</section>
				<section class="elementor-section elementor-top-section elementor-element elementor-element-e40d49d elementor-section-boxed elementor-section-height-default elementor-section-height-default" data-id="e40d49d" data-element_type="section">
						<div class="elementor-container elementor-column-gap-default">
							<div class="elementor-row">
					<div class="elementor-column elementor-col-100 elementor-top-column elementor-element elementor-element-2f0025a" data-id="2f0025a" data-element_type="column">
			<div class="elementor-column-wrap elementor-element-populated">
							<div class="elementor-widget-wrap">
						<div class="elementor-element elementor-element-fe673c6 elementor-widget elementor-widget-heading" data-id="fe673c6" data-element_type="widget" data-widget_type="heading.default">
				<div class="elementor-widget-container">
			<h2 class="elementor-heading-title elementor-size-default">Juana María Malca Leo</h2>		</div>
				</div>
				<div class="elementor-element elementor-element-e5f4126 elementor-widget-divider--view-line elementor-widget elementor-widget-divider" data-id="e5f4126" data-element_type="widget" data-widget_type="divider.default">
				<div class="elementor-widget-container">
					<div class="elementor-divider">
			<span class="elementor-divider-separator">
						</span>
		</div>
				</div>
				</div>
						</div>
					</div>
		</div>
								</div>
					</div>
		</section>
				<section class="elementor-section elementor-top-section elementor-element elementor-element-aa2b485 elementor-section-boxed elementor-section-height-default elementor-section-height-default" data-id="aa2b485" data-element_type="section">
						<div class="elementor-container elementor-column-gap-default">
							<div class="elementor-row">
					<div class="elementor-column elementor-col-50 elementor-top-column elementor-element elementor-element-87fbb4e" data-id="87fbb4e" data-element_type="column">
			<div class="elementor-column-wrap elementor-element-populated">
							<div class="elementor-widget-wrap">
						<div class="elementor-element elementor-element-5076933 elementor-widget elementor-widget-text-editor" data-id="5076933" data-element_type="widget" data-widget_type="text-editor.default">
				<div class="elementor-widget-container">
								<div class="elementor-text-editor elementor-clearfix">
				<p>ABOGADA, fundadora del Despacho MALCA ABOGADOS ASOCIADOS, especializada en Derechos Humanos, Derecho de Extranjería, Derecho Administrativo y Derecho Internacional. También tiene colaboradores abogados en otras materias como Derecho Laboral, Civil, Penal, entre otros.</p>
<p>Colegiada en el Ilustre Colegio de Abogados de Madrid (1993) y del Ilustre Colegio de Abogados de Lima – Perú (1987).</p>
<p>Cursó sus estudios universitarios en la Facultad de Derecho de la Universidad San Martín de Porres en Lima (1979 a 1985) y obtuvo el título profesional de Abogada el 8 de enero de 1987 homologado por el titulo de Licenciada en Derecho en España.</p>
<p>Es especialista en Derechos Humanos por el Instituto de Derechos Humanos de la Universidad Complutense de Madrid (1989), y diplomada de estudios en el &nbsp;Institut International des Droits de L’Homme, Fundación René Cassin (1990).</p>
<p>Su desempeño profesional ha tenido lugar en la Sala Civil del Tribunal Superior de Justicia de Lima, en varios despachos de Abogados en Lima y, en el departamento político de la Embajada del Perú en España.&nbsp;&nbsp;</p>
<p>Participa activamente en asociaciones profesionales de abogados, es socia fundadora y Presidenta de la Red Internacional de Abogados Eureka (2012). También ha sido Presidenta de la Asociación de Abogados de Extranjería de Madrid (2011).</p>
<p>Es Abogada del Turno de Oficio del Colegio de Abogados de Madrid desde 1994, en el turno de Extranjería y Protección Internacional.</p>
<p>Ha participado entre otros, en diferentes simposios como ponente, como en el IX día de la Justicia Gratuita y del Turno de Oficio (2019) en el Ilustre Colegio de Abogados de Madrid; en el Primer Congreso de la Abogacía Madrileña organizado por el Ilustre Colegio de Abogados de Madrid en 2015; en el XXIV Encuentros de la Abogacía sobre “Derecho de Extranjería y Asilo”, Ilustre Colegio de Abogados del Señorío de Vizcaya, en el 2014; también coordinadora-directora y ponente en el I Curso de Práctica Contencioso-Administrativa, Especialidad Extranjería, en el Ilustre Colegio de Abogados de Madrid, de septiembre a diciembre de 2011.</p>
<p>Ha participado en diversas publicaciones, como el Libro homenaje al profesor Jesús Lima Torrado: Estudios sobre Derechos Humanos, con el tema “Ejercicio de derecho de residencia para los ciudadanos de la unión y sus familias (2020); El Abedecedario del Abogado de Oficio, 2017; en la Revista Electrónica Iberoamericana, “Derecho de Extranjería, política migratoria e Iberoamerica”, junio 2014, entre otros.</p>
A					</div>
						</div>
				</div>
						</div>
					</div>
		</div>
				<div class="elementor-column elementor-col-50 elementor-top-column elementor-element elementor-element-7fae1a2" data-id="7fae1a2" data-element_type="column">
			<div class="elementor-column-wrap elementor-element-populated">
							<div class="elementor-widget-wrap">
						<div class="elementor-element elementor-element-9c39681 elementor-widget elementor-widget-image" data-id="9c39681" data-element_type="widget" data-widget_type="image.default">
				<div class="elementor-widget-container">
								<div class="elementor-image">
												<img decoding="async" width="625" height="1024" src="https://abogadosjmalca.com/wp-content/uploads/2020/07/Juani-625x1024.jpg" class="attachment-large size-large" alt="" srcset="https://abogadosjmalca.com/wp-content/uploads/2020/07/Juani-625x1024.jpg 625w, https://abogadosjmalca.com/wp-content/uploads/2020/07/Juani-183x300.jpg 183w, https://abogadosjmalca.com/wp-content/uploads/2020/07/Juani.jpg 699w" sizes="(max-width: 625px) 100vw, 625px" />														</div>
						</div>
				</div>
						</div>
					</div>
		</div>
								</div>
					</div>
		</section>
				<section class="elementor-section elementor-top-section elementor-element elementor-element-421b556 elementor-section-boxed elementor-section-height-default elementor-section-height-default" data-id="421b556" data-element_type="section">
						<div class="elementor-container elementor-column-gap-default">
							<div class="elementor-row">
					<div class="elementor-column elementor-col-100 elementor-top-column elementor-element elementor-element-a42e78b" data-id="a42e78b" data-element_type="column">
			<div class="elementor-column-wrap elementor-element-populated">
							<div class="elementor-widget-wrap">
						<div class="elementor-element elementor-element-870888c elementor-widget elementor-widget-spacer" data-id="870888c" data-element_type="widget" data-widget_type="spacer.default">
				<div class="elementor-widget-container">
					<div class="elementor-spacer">
			<div class="elementor-spacer-inner"></div>
		</div>
				</div>
				</div>
						</div>
					</div>
		</div>
								</div>
					</div>
		</section>
									</div>
			</div>
					</div>

<p>Juana María Malca Leo ABOGADA, fundadora del Despacho MALCA ABOGADOS ASOCIADOS, especializada en Derechos Humanos, Derecho</p>
<div class="bottom-meta clearfix">
<ul class="bottom-meta-list">
<li>
<div class="post-more"><a class="read-more" href="https://abogadosjmalca.com/index.php/juana-maria-malca-leo/">Read More</a></div>
</li>
</ul>
</div>
